{"version":"1.0","provider_name":"St\u00e9phanie Lef\u00e8bvre","provider_url":"https:\/\/www.sl-musicotherapie-senlis.com","author_name":"admin3518","author_url":"https:\/\/www.sl-musicotherapie-senlis.com\/index.php\/author\/admin3518\/","title":"M\u00e9dias - St\u00e9phanie Lef\u00e8bvre","type":"rich","width":600,"height":338,"html":"<blockquote class=\"wp-embedded-content\"><a href=\"https:\/\/www.sl-musicotherapie-senlis.com\/index.php\/presse\/\">M\u00e9dias<\/a><\/blockquote>\n<script type='text\/javascript'>\n<!--\/\/--><![CDATA[\/\/><!--\n\t\t\/*! This file is auto-generated *\/\n\t\t!function(d,l){\"use strict\";var e=!1,n=!1;if(l.querySelector)if(d.addEventListener)e=!0;if(d.wp=d.wp||{},!d.wp.receiveEmbedMessage)if(d.wp.receiveEmbedMessage=function(e){var t=e.data;if(t)if(t.secret||t.message||t.value)if(!\/[^a-zA-Z0-9]\/.test(t.secret)){for(var r,i,a,s=l.querySelectorAll('iframe[data-secret=\"'+t.secret+'\"]'),n=l.querySelectorAll('blockquote[data-secret=\"'+t.secret+'\"]'),o=new RegExp(\"^https?:$\",\"i\"),c=0;c<n.length;c++)n[c].style.display=\"none\";for(c=0;c<s.length;c++)if(r=s[c],e.source===r.contentWindow){if(r.removeAttribute(\"style\"),\"height\"===t.message){if(1e3<(a=parseInt(t.value,10)))a=1e3;else if(~~a<200)a=200;r.height=a}if(\"link\"===t.message)if(i=l.createElement(\"a\"),a=l.createElement(\"a\"),i.href=r.getAttribute(\"src\"),a.href=t.value,o.test(a.protocol))if(a.host===i.host)if(l.activeElement===r)d.top.location.href=t.value}}},e)d.addEventListener(\"message\",d.wp.receiveEmbedMessage,!1),l.addEventListener(\"DOMContentLoaded\",t,!1),d.addEventListener(\"load\",t,!1);function t(){if(!n){n=!0;for(var e,t,r=-1!==navigator.appVersion.indexOf(\"MSIE 10\"),i=!!navigator.userAgent.match(\/Trident.*rv:11\\.\/),a=l.querySelectorAll(\"iframe.wp-embedded-content\"),s=0;s<a.length;s++){if(!(e=a[s]).getAttribute(\"data-secret\"))t=Math.random().toString(36).substr(2,10),e.src+=\"#?secret=\"+t,e.setAttribute(\"data-secret\",t);if(r||i)(t=e.cloneNode(!0)).removeAttribute(\"security\"),e.parentNode.replaceChild(t,e)}}}}(window,document);\n\/\/--><!]]>\n<\/script><iframe sandbox=\"allow-scripts\" security=\"restricted\" src=\"https:\/\/www.sl-musicotherapie-senlis.com\/index.php\/presse\/embed\/\" width=\"600\" height=\"338\" title=\"\u00ab\u00a0M\u00e9dias\u00a0\u00bb &#8212; St\u00e9phanie Lef\u00e8bvre\" frameborder=\"0\" marginwidth=\"0\" marginheight=\"0\" scrolling=\"no\" class=\"wp-embedded-content\"><\/iframe>","description":"[et_pb_section fb_built=\u00a0\u00bb1&Prime; _builder_version=\u00a0\u00bb4.7.4&Prime; _module_preset=\u00a0\u00bbdefault\u00a0\u00bb background_color=\u00a0\u00bb#e28800&Prime; custom_padding=\u00a0\u00bb||7px|||\u00a0\u00bb][et_pb_row column_structure=\u00a0\u00bb2_5,3_5&Prime; _builder_version=\u00a0\u00bb4.7.4&Prime; _module_preset=\u00a0\u00bbdefault\u00a0\u00bb][et_pb_column type=\u00a0\u00bb2_5&Prime; _builder_version=\u00a0\u00bb4.7.4&Prime; _module_preset=\u00a0\u00bbdefault\u00a0\u00bb][et_pb_image src=\u00a0\u00bbhttps:\/\/www.sl-musicotherapie-senlis.com\/wp-content\/uploads\/2024\/05\/la-musique-sur-le-divan.png.3bda466737c716678f0fcd9ccf0bf7d0.png\u00a0\u00bb title_text=\u00a0\u00bbla-musique-sur-le-divan.png.3bda466737c716678f0fcd9ccf0bf7d0&Prime; _builder_version=\u00a0\u00bb4.7.4&Prime; _module_preset=\u00a0\u00bbdefault\u00a0\u00bb custom_padding=\u00a0\u00bb|6px|12px|||\u00a0\u00bb][\/et_pb_image][\/et_pb_column][et_pb_column type=\u00a0\u00bb3_5&Prime; _builder_version=\u00a0\u00bb4.7.4&Prime; _module_preset=\u00a0\u00bbdefault\u00a0\u00bb][et_pb_text _builder_version=\u00a0\u00bb4.7.4&Prime; _module_preset=\u00a0\u00bbdefault\u00a0\u00bb] La musique sur le divan\u00a0\u00a0 Cyril Gouinguen\u00e9 re\u00e7oit St\u00e9phanie Lefebvre musicoth\u00e9rapeute sp\u00e9cialis\u00e9e en n\u00e9onatologie. Elle nous parle des son parcours, de sa sp\u00e9cialit\u00e9, et des int\u00e9ractions pr\u00e9coces et tardives. Saison 1, \u00e9pisode 7 [&hellip;]"}

Stéphanie Lefèbvre

Médias - Stéphanie Lefèbvre

<blockquote class="wp-embedded-content"><a href="https://www.sl-musicotherapie-senlis.com/index.php/presse/">Médias</a></blockquote>
<script type='text/javascript'>
<!--//--><![CDATA[//><!--
		/*! This file is auto-generated */
		!function(d,l){"use strict";var e=!1,n=!1;if(l.querySelector)if(d.addEventListener)e=!0;if(d.wp=d.wp||{},!d.wp.receiveEmbedMessage)if(d.wp.receiveEmbedMessage=function(e){var t=e.data;if(t)if(t.secret||t.message||t.value)if(!/[^a-zA-Z0-9]/.test(t.secret)){for(var r,i,a,s=l.querySelectorAll('iframe[data-secret="'+t.secret+'"]'),n=l.querySelectorAll('blockquote[data-secret="'+t.secret+'"]'),o=new RegExp("^https?:$","i"),c=0;c<n.length;c++)n[c].style.display="none";for(c=0;c<s.length;c++)if(r=s[c],e.source===r.contentWindow){if(r.removeAttribute("style"),"height"===t.message){if(1e3<(a=parseInt(t.value,10)))a=1e3;else if(~~a<200)a=200;r.height=a}if("link"===t.message)if(i=l.createElement("a"),a=l.createElement("a"),i.href=r.getAttribute("src"),a.href=t.value,o.test(a.protocol))if(a.host===i.host)if(l.activeElement===r)d.top.location.href=t.value}}},e)d.addEventListener("message",d.wp.receiveEmbedMessage,!1),l.addEventListener("DOMContentLoaded",t,!1),d.addEventListener("load",t,!1);function t(){if(!n){n=!0;for(var e,t,r=-1!==navigator.appVersion.indexOf("MSIE 10"),i=!!navigator.userAgent.match(/Trident.*rv:11\./),a=l.querySelectorAll("iframe.wp-embedded-content"),s=0;s<a.length;s++){if(!(e=a[s]).getAttribute("data-secret"))t=Math.random().toString(36).substr(2,10),e.src+="#?secret="+t,e.setAttribute("data-secret",t);if(r||i)(t=e.cloneNode(!0)).removeAttribute("security"),e.parentNode.replaceChild(t,e)}}}}(window,document);
//--><!]]>
</script><iframe sandbox="allow-scripts" security="restricted" src="https://www.sl-musicotherapie-senlis.com/index.php/presse/embed/" width="600" height="338" title="« Médias » &#8212; Stéphanie Lefèbvre" frameborder="0" marginwidth="0" marginheight="0" scrolling="no" class="wp-embedded-content"></iframe>

[et_pb_section fb_built= »1&Prime; _builder_version= »4.7.4&Prime; _module_preset= »default » background_color= »#e28800&Prime; custom_padding= »||7px||| »][et_pb_row column_structure= »2_5,3_5&Prime; _builder_version= »4.7.4&Prime; _module_preset= »default »][et_pb_column type= »2_5&Prime; _builder_version= »4.7.4&Prime; _module_preset= »default »][et_pb_image src= »https://www.sl-musicotherapie-senlis.com/wp-content/uploads/2024/05/la-musique-sur-le-divan.png.3bda466737c716678f0fcd9ccf0bf7d0.png » title_text= »la-musique-sur-le-divan.png.3bda466737c716678f0fcd9ccf0bf7d0&Prime; _builder_version= »4.7.4&Prime; _module_preset= »default » custom_padding= »|6px|12px||| »][/et_pb_image][/et_pb_column][et_pb_column type= »3_5&Prime; _builder_version= »4.7.4&Prime; _module_preset= »default »][et_pb_text _builder_version= »4.7.4&Prime; _module_preset= »default »] La musique sur le divan   Cyril Gouinguené reçoit Stéphanie Lefebvre musicothérapeute spécialisée en néonatologie. Elle nous parle des son parcours, de sa spécialité, et des intéractions précoces et tardives. Saison 1, épisode 7 [&hellip;]
